{"id":359,"date":"2024-11-27T05:52:04","date_gmt":"2024-11-27T08:52:04","guid":{"rendered":"https:\/\/dfvl.com.br\/?page_id=359"},"modified":"2024-12-10T18:21:21","modified_gmt":"2024-12-10T21:21:21","slug":"fernando-junqueira","status":"publish","type":"page","link":"https:\/\/dfvl.com.br\/index.php\/fernando-junqueira\/","title":{"rendered":"Fernando Junqueira"},"content":{"rendered":"\t\t<div data-elementor-type=\"wp-page\" data-elementor-id=\"359\" class=\"elementor elementor-359\" data-elementor-post-type=\"page\">\n\t\t\t\t\t\t<section class=\"elementor-section elementor-inner-section elementor-element elementor-element-49c42f55 elementor-section-boxed elementor-section-height-default elementor-section-height-default\" data-id=\"49c42f55\" data-element_type=\"section\" data-e-type=\"section\">\n\t\t\t\t\t\t<div class=\"elementor-container elementor-column-gap-default\">\n\t\t\t\t\t<div class=\"elementor-column elementor-col-50 elementor-inner-column elementor-element elementor-element-1538be59\" data-id=\"1538be59\" data-element_type=\"column\" data-e-type=\"column\">\n\t\t\t<div class=\"elementor-widget-wrap elementor-element-populated\">\n\t\t\t\t\t\t<div class=\"elementor-element elementor-element-7559bdc0 elementor-widget elementor-widget-image\" data-id=\"7559bdc0\" data-element_type=\"widget\" data-e-type=\"widget\" data-widget_type=\"image.default\">\n\t\t\t\t<div class=\"elementor-widget-container\">\n\t\t\t\t\t\t\t\t\t\t\t\t\t\t\t<img fetchpriority=\"high\" decoding=\"async\" width=\"635\" height=\"1200\" src=\"https:\/\/dfvl.com.br\/wp-content\/uploads\/2024\/09\/WhatsApp-Image-2024-09-27-at-09.21.04-635x1200.jpeg\" class=\"attachment-large size-large wp-image-268\" alt=\"\" srcset=\"https:\/\/dfvl.com.br\/wp-content\/uploads\/2024\/09\/WhatsApp-Image-2024-09-27-at-09.21.04-635x1200.jpeg 635w, https:\/\/dfvl.com.br\/wp-content\/uploads\/2024\/09\/WhatsApp-Image-2024-09-27-at-09.21.04-265x500.jpeg 265w, https:\/\/dfvl.com.br\/wp-content\/uploads\/2024\/09\/WhatsApp-Image-2024-09-27-at-09.21.04-159x300.jpeg 159w, https:\/\/dfvl.com.br\/wp-content\/uploads\/2024\/09\/WhatsApp-Image-2024-09-27-at-09.21.04-768x1451.jpeg 768w, https:\/\/dfvl.com.br\/wp-content\/uploads\/2024\/09\/WhatsApp-Image-2024-09-27-at-09.21.04-813x1536.jpeg 813w, https:\/\/dfvl.com.br\/wp-content\/uploads\/2024\/09\/WhatsApp-Image-2024-09-27-at-09.21.04-40x75.jpeg 40w, https:\/\/dfvl.com.br\/wp-content\/uploads\/2024\/09\/WhatsApp-Image-2024-09-27-at-09.21.04-480x907.jpeg 480w, https:\/\/dfvl.com.br\/wp-content\/uploads\/2024\/09\/WhatsApp-Image-2024-09-27-at-09.21.04.jpeg 847w\" sizes=\"(max-width:767px) 480px, 635px\" \/>\t\t\t\t\t\t\t\t\t\t\t\t\t\t\t<\/div>\n\t\t\t\t<\/div>\n\t\t\t\t\t<\/div>\n\t\t<\/div>\n\t\t\t\t<div class=\"elementor-column elementor-col-50 elementor-inner-column elementor-element elementor-element-1485e92f\" data-id=\"1485e92f\" data-element_type=\"column\" data-e-type=\"column\">\n\t\t\t<div class=\"elementor-widget-wrap elementor-element-populated\">\n\t\t\t\t\t\t<div class=\"elementor-element elementor-element-5630d673 elementor-widget elementor-widget-text-editor\" data-id=\"5630d673\" data-element_type=\"widget\" data-e-type=\"widget\" data-widget_type=\"text-editor.default\">\n\t\t\t\t<div class=\"elementor-widget-container\">\n\t\t\t\t\t\t\t\t\t<h5>Sobre mim<\/h5><h2><strong>Fernando Junqueira: A Uni\u00e3o da Gest\u00e3o Industrial com a Magia Ancestral<\/strong><\/h2><hr class=\"no_line\" \/>\t\t\t\t\t\t\t\t<\/div>\n\t\t\t\t<\/div>\n\t\t\t\t<div class=\"elementor-element elementor-element-4e2b57b4 elementor-widget elementor-widget-text-editor\" data-id=\"4e2b57b4\" data-element_type=\"widget\" data-e-type=\"widget\" data-widget_type=\"text-editor.default\">\n\t\t\t\t<div class=\"elementor-widget-container\">\n\t\t\t\t\t\t\t\t\t<p><span style=\"letter-spacing: 0px;\">Em um mundo onde a efici\u00eancia operacional e a magia se encontram, Fernando Carlos Junqueira emerge como um l\u00edder vision\u00e1rio, capaz de transformar o ordin\u00e1rio em extraordin\u00e1rio. Desde os corredores corporativos at\u00e9 os c\u00edrculos m\u00edsticos, Fernando tece uma hist\u00f3ria \u00fanica de inova\u00e7\u00e3o, gest\u00e3o e encantamento.<\/span><\/p><p><strong>Uma Jornada de Excel\u00eancia Industrial<\/strong><\/p><p>Com mais de uma d\u00e9cada de experi\u00eancia em empresas de renome nos setores de qu\u00edmicos, pl\u00e1sticos, a\u00e7os e metalurgia, Fernando n\u00e3o \u00e9 apenas um gestor; ele \u00e9 um mestre da transforma\u00e7\u00e3o. Atuando como Head de Opera\u00e7\u00f5es, ele lidera com uma vis\u00e3o estrat\u00e9gica, aplicando metodologias Lean e Six-Sigma para otimizar processos e elevar a efici\u00eancia ao seu m\u00e1ximo potencial. Sua habilidade em gerir opera\u00e7\u00f5es complexas e desenvolver equipes de alto desempenho \u00e9 uma prova de seu compromisso inabal\u00e1vel com a excel\u00eancia.<\/p><p><strong>O Chamado da Magia<\/strong><\/p><p>Mas h\u00e1 uma dimens\u00e3o em Fernando que vai al\u00e9m do mundo corporativo. Formado como Sacerdote de Umbanda, ele abra\u00e7a a sabedoria ancestral e as artes m\u00edsticas com a mesma paix\u00e3o que dedica \u00e0 gest\u00e3o industrial. Tar\u00f3logo e oraculista de Runas N\u00f3rdicas, Fernando guia aqueles que buscam respostas e cura atrav\u00e9s de suas habilidades esot\u00e9ricas. Com um profundo conhecimento em magias on\u00edricas e de cura, ele harmoniza o f\u00edsico e o espiritual, oferecendo uma abordagem hol\u00edstica ao desenvolvimento pessoal e profissional.<\/p><p><strong>A Magia do Pentagrama e a Cria\u00e7\u00e3o de Artefatos<\/strong><\/p><p>Fernando \u00e9 tamb\u00e9m um artes\u00e3o de artefatos m\u00e1gicos, entalhando runas em cristais e metais, imbuindo cada pe\u00e7a com poder e significado. Como mestre da magia do pentagrama, ele dedica sua energia \u00e0 prote\u00e7\u00e3o e fortalecimento de seus projetos, tanto no campo empresarial quanto no esot\u00e9rico. Suas pr\u00e1ticas de bruxaria solit\u00e1ria e magias com a ancestralidade s\u00e3o um testemunho de sua conex\u00e3o profunda com o universo e suas for\u00e7as invis\u00edveis.<\/p><p><strong>Integrando Mundos, Inspirando Transforma\u00e7\u00f5es<\/strong><\/p><p>Ao unir suas habilidades t\u00e9cnicas e m\u00e1gicas, Fernando oferece uma perspectiva \u00fanica para o crescimento e a inova\u00e7\u00e3o. Ele acredita que a verdadeira lideran\u00e7a est\u00e1 em balancear a l\u00f3gica com a intui\u00e7\u00e3o, a estrat\u00e9gia com a espiritualidade. Seu objetivo \u00e9 inspirar empresas e indiv\u00edduos a explorarem novas possibilidades, combinando o melhor do mundo dos neg\u00f3cios com a riqueza das tradi\u00e7\u00f5es esot\u00e9ricas.<\/p><p>Na encruzilhada entre a gest\u00e3o industrial e a magia, Fernando Junqueira n\u00e3o \u00e9 apenas um profissional; ele \u00e9 um guia, um vision\u00e1rio e um arquiteto de realidades. Se voc\u00ea busca inovar, transformar e transcender as fronteiras do convencional, permita que Fernando lhe mostre o caminho onde a efici\u00eancia encontra a magia.<\/p>\t\t\t\t\t\t\t\t<\/div>\n\t\t\t\t<\/div>\n\t\t\t\t<div class=\"elementor-element elementor-element-27aae223 elementor-mobile-align-center elementor-widget elementor-widget-button\" data-id=\"27aae223\" data-element_type=\"widget\" data-e-type=\"widget\" data-widget_type=\"button.default\">\n\t\t\t\t<div class=\"elementor-widget-container\">\n\t\t\t\t\t\t\t\t\t<div class=\"elementor-button-wrapper\">\n\t\t\t\t\t<a class=\"elementor-button elementor-button-link elementor-size-sm\" href=\"https:\/\/www.instagram.com\/bruxogrimorio?igsh=ZnJpMG9tenhwbjRz\">\n\t\t\t\t\t\t<span class=\"elementor-button-content-wrapper\">\n\t\t\t\t\t\t<span class=\"elementor-button-icon\">\n\t\t\t\t<svg aria-hidden=\"true\" class=\"e-font-icon-svg e-fas-comment-dots\" viewBox=\"0 0 512 512\" xmlns=\"http:\/\/www.w3.org\/2000\/svg\"><path d=\"M256 32C114.6 32 0 125.1 0 240c0 49.6 21.4 95 57 130.7C44.5 421.1 2.7 466 2.2 466.5c-2.2 2.3-2.8 5.7-1.5 8.7S4.8 480 8 480c66.3 0 116-31.8 140.6-51.4 32.7 12.3 69 19.4 107.4 19.4 141.4 0 256-93.1 256-208S397.4 32 256 32zM128 272c-17.7 0-32-14.3-32-32s14.3-32 32-32 32 14.3 32 32-14.3 32-32 32zm128 0c-17.7 0-32-14.3-32-32s14.3-32 32-32 32 14.3 32 32-14.3 32-32 32zm128 0c-17.7 0-32-14.3-32-32s14.3-32 32-32 32 14.3 32 32-14.3 32-32 32z\"><\/path><\/svg>\t\t\t<\/span>\n\t\t\t\t\t\t\t\t\t<span class=\"elementor-button-text\">Instagram<\/span>\n\t\t\t\t\t<\/span>\n\t\t\t\t\t<\/a>\n\t\t\t\t<\/div>\n\t\t\t\t\t\t\t\t<\/div>\n\t\t\t\t<\/div>\n\t\t\t\t<div class=\"elementor-element elementor-element-5f0848ec elementor-hidden-phone elementor-widget elementor-widget-spacer\" data-id=\"5f0848ec\" data-element_type=\"widget\" data-e-type=\"widget\" data-widget_type=\"spacer.default\">\n\t\t\t\t<div class=\"elementor-widget-container\">\n\t\t\t\t\t\t\t<div class=\"elementor-spacer\">\n\t\t\t<div class=\"elementor-spacer-inner\"><\/div>\n\t\t<\/div>\n\t\t\t\t\t\t<\/div>\n\t\t\t\t<\/div>\n\t\t\t\t\t<\/div>\n\t\t<\/div>\n\t\t\t\t\t<\/div>\n\t\t<\/section>\n\t\t\t\t<\/div>\n\t\t","protected":false},"excerpt":{"rendered":"<p>Sobre mim Fernando Junqueira: A Uni\u00e3o da Gest\u00e3o Industrial com a Magia Ancestral Em um mundo onde a efici\u00eancia operacional e a magia se encontram, Fernando<span class=\"excerpt-hellip\"> [\u2026]<\/span><\/p>\n","protected":false},"author":1,"featured_media":259,"parent":0,"menu_order":0,"comment_status":"closed","ping_status":"closed","template":"","meta":{"footnotes":""},"class_list":["post-359","page","type-page","status-publish","has-post-thumbnail","hentry"],"yoast_head":"<!-- This site is optimized with the Yoast SEO plugin v26.3 - https:\/\/yoast.com\/wordpress\/plugins\/seo\/ -->\n<title>Fernando Junqueira - DER FEUERVOGEL<\/title>\n<meta name=\"robots\" content=\"index, follow, max-snippet:-1, max-image-preview:large, max-video-preview:-1\" \/>\n<link rel=\"canonical\" href=\"https:\/\/dfvl.com.br\/index.php\/fernando-junqueira\/\" \/>\n<meta property=\"og:locale\" content=\"pt_BR\" \/>\n<meta property=\"og:type\" content=\"article\" \/>\n<meta property=\"og:title\" content=\"Fernando Junqueira - DER FEUERVOGEL\" \/>\n<meta property=\"og:description\" content=\"Sobre mim Fernando Junqueira: A Uni\u00e3o da Gest\u00e3o Industrial com a Magia Ancestral Em um mundo onde a efici\u00eancia operacional e a magia se encontram, Fernando [\u2026]\" \/>\n<meta property=\"og:url\" content=\"https:\/\/dfvl.com.br\/index.php\/fernando-junqueira\/\" \/>\n<meta property=\"og:site_name\" content=\"DER FEUERVOGEL\" \/>\n<meta property=\"article:modified_time\" content=\"2024-12-10T21:21:21+00:00\" \/>\n<meta property=\"og:image\" content=\"https:\/\/dfvl.com.br\/wp-content\/uploads\/2024\/09\/wallpaper.jpg\" \/>\n\t<meta property=\"og:image:width\" content=\"1920\" \/>\n\t<meta property=\"og:image:height\" content=\"1080\" \/>\n\t<meta property=\"og:image:type\" content=\"image\/jpeg\" \/>\n<meta name=\"twitter:card\" content=\"summary_large_image\" \/>\n<meta name=\"twitter:label1\" content=\"Est. tempo de leitura\" \/>\n\t<meta name=\"twitter:data1\" content=\"2 minutos\" \/>\n<script type=\"application\/ld+json\" class=\"yoast-schema-graph\">{\"@context\":\"https:\/\/schema.org\",\"@graph\":[{\"@type\":\"WebPage\",\"@id\":\"https:\/\/dfvl.com.br\/index.php\/fernando-junqueira\/\",\"url\":\"https:\/\/dfvl.com.br\/index.php\/fernando-junqueira\/\",\"name\":\"Fernando Junqueira - DER FEUERVOGEL\",\"isPartOf\":{\"@id\":\"https:\/\/dfvl.com.br\/#website\"},\"primaryImageOfPage\":{\"@id\":\"https:\/\/dfvl.com.br\/index.php\/fernando-junqueira\/#primaryimage\"},\"image\":{\"@id\":\"https:\/\/dfvl.com.br\/index.php\/fernando-junqueira\/#primaryimage\"},\"thumbnailUrl\":\"https:\/\/dfvl.com.br\/wp-content\/uploads\/2024\/09\/wallpaper.jpg\",\"datePublished\":\"2024-11-27T08:52:04+00:00\",\"dateModified\":\"2024-12-10T21:21:21+00:00\",\"breadcrumb\":{\"@id\":\"https:\/\/dfvl.com.br\/index.php\/fernando-junqueira\/#breadcrumb\"},\"inLanguage\":\"pt-BR\",\"potentialAction\":[{\"@type\":\"ReadAction\",\"target\":[\"https:\/\/dfvl.com.br\/index.php\/fernando-junqueira\/\"]}]},{\"@type\":\"ImageObject\",\"inLanguage\":\"pt-BR\",\"@id\":\"https:\/\/dfvl.com.br\/index.php\/fernando-junqueira\/#primaryimage\",\"url\":\"https:\/\/dfvl.com.br\/wp-content\/uploads\/2024\/09\/wallpaper.jpg\",\"contentUrl\":\"https:\/\/dfvl.com.br\/wp-content\/uploads\/2024\/09\/wallpaper.jpg\",\"width\":1920,\"height\":1080},{\"@type\":\"BreadcrumbList\",\"@id\":\"https:\/\/dfvl.com.br\/index.php\/fernando-junqueira\/#breadcrumb\",\"itemListElement\":[{\"@type\":\"ListItem\",\"position\":1,\"name\":\"In\u00edcio\",\"item\":\"https:\/\/dfvl.com.br\/\"},{\"@type\":\"ListItem\",\"position\":2,\"name\":\"Fernando Junqueira\"}]},{\"@type\":\"WebSite\",\"@id\":\"https:\/\/dfvl.com.br\/#website\",\"url\":\"https:\/\/dfvl.com.br\/\",\"name\":\"DER FEUERVOGEL\",\"description\":\"\",\"publisher\":{\"@id\":\"https:\/\/dfvl.com.br\/#organization\"},\"potentialAction\":[{\"@type\":\"SearchAction\",\"target\":{\"@type\":\"EntryPoint\",\"urlTemplate\":\"https:\/\/dfvl.com.br\/?s={search_term_string}\"},\"query-input\":{\"@type\":\"PropertyValueSpecification\",\"valueRequired\":true,\"valueName\":\"search_term_string\"}}],\"inLanguage\":\"pt-BR\"},{\"@type\":\"Organization\",\"@id\":\"https:\/\/dfvl.com.br\/#organization\",\"name\":\"DER FEUERVOGEL\",\"url\":\"https:\/\/dfvl.com.br\/\",\"logo\":{\"@type\":\"ImageObject\",\"inLanguage\":\"pt-BR\",\"@id\":\"https:\/\/dfvl.com.br\/#\/schema\/logo\/image\/\",\"url\":\"https:\/\/dfvl.com.br\/wp-content\/uploads\/2024\/09\/ICON.jpg\",\"contentUrl\":\"https:\/\/dfvl.com.br\/wp-content\/uploads\/2024\/09\/ICON.jpg\",\"width\":250,\"height\":250,\"caption\":\"DER FEUERVOGEL\"},\"image\":{\"@id\":\"https:\/\/dfvl.com.br\/#\/schema\/logo\/image\/\"}}]}<\/script>\n<!-- \/ Yoast SEO plugin. -->","yoast_head_json":{"title":"Fernando Junqueira - DER FEUERVOGEL","robots":{"index":"index","follow":"follow","max-snippet":"max-snippet:-1","max-image-preview":"max-image-preview:large","max-video-preview":"max-video-preview:-1"},"canonical":"https:\/\/dfvl.com.br\/index.php\/fernando-junqueira\/","og_locale":"pt_BR","og_type":"article","og_title":"Fernando Junqueira - DER FEUERVOGEL","og_description":"Sobre mim Fernando Junqueira: A Uni\u00e3o da Gest\u00e3o Industrial com a Magia Ancestral Em um mundo onde a efici\u00eancia operacional e a magia se encontram, Fernando [\u2026]","og_url":"https:\/\/dfvl.com.br\/index.php\/fernando-junqueira\/","og_site_name":"DER FEUERVOGEL","article_modified_time":"2024-12-10T21:21:21+00:00","og_image":[{"width":1920,"height":1080,"url":"https:\/\/dfvl.com.br\/wp-content\/uploads\/2024\/09\/wallpaper.jpg","type":"image\/jpeg"}],"twitter_card":"summary_large_image","twitter_misc":{"Est. tempo de leitura":"2 minutos"},"schema":{"@context":"https:\/\/schema.org","@graph":[{"@type":"WebPage","@id":"https:\/\/dfvl.com.br\/index.php\/fernando-junqueira\/","url":"https:\/\/dfvl.com.br\/index.php\/fernando-junqueira\/","name":"Fernando Junqueira - DER FEUERVOGEL","isPartOf":{"@id":"https:\/\/dfvl.com.br\/#website"},"primaryImageOfPage":{"@id":"https:\/\/dfvl.com.br\/index.php\/fernando-junqueira\/#primaryimage"},"image":{"@id":"https:\/\/dfvl.com.br\/index.php\/fernando-junqueira\/#primaryimage"},"thumbnailUrl":"https:\/\/dfvl.com.br\/wp-content\/uploads\/2024\/09\/wallpaper.jpg","datePublished":"2024-11-27T08:52:04+00:00","dateModified":"2024-12-10T21:21:21+00:00","breadcrumb":{"@id":"https:\/\/dfvl.com.br\/index.php\/fernando-junqueira\/#breadcrumb"},"inLanguage":"pt-BR","potentialAction":[{"@type":"ReadAction","target":["https:\/\/dfvl.com.br\/index.php\/fernando-junqueira\/"]}]},{"@type":"ImageObject","inLanguage":"pt-BR","@id":"https:\/\/dfvl.com.br\/index.php\/fernando-junqueira\/#primaryimage","url":"https:\/\/dfvl.com.br\/wp-content\/uploads\/2024\/09\/wallpaper.jpg","contentUrl":"https:\/\/dfvl.com.br\/wp-content\/uploads\/2024\/09\/wallpaper.jpg","width":1920,"height":1080},{"@type":"BreadcrumbList","@id":"https:\/\/dfvl.com.br\/index.php\/fernando-junqueira\/#breadcrumb","itemListElement":[{"@type":"ListItem","position":1,"name":"In\u00edcio","item":"https:\/\/dfvl.com.br\/"},{"@type":"ListItem","position":2,"name":"Fernando Junqueira"}]},{"@type":"WebSite","@id":"https:\/\/dfvl.com.br\/#website","url":"https:\/\/dfvl.com.br\/","name":"DER FEUERVOGEL","description":"","publisher":{"@id":"https:\/\/dfvl.com.br\/#organization"},"potentialAction":[{"@type":"SearchAction","target":{"@type":"EntryPoint","urlTemplate":"https:\/\/dfvl.com.br\/?s={search_term_string}"},"query-input":{"@type":"PropertyValueSpecification","valueRequired":true,"valueName":"search_term_string"}}],"inLanguage":"pt-BR"},{"@type":"Organization","@id":"https:\/\/dfvl.com.br\/#organization","name":"DER FEUERVOGEL","url":"https:\/\/dfvl.com.br\/","logo":{"@type":"ImageObject","inLanguage":"pt-BR","@id":"https:\/\/dfvl.com.br\/#\/schema\/logo\/image\/","url":"https:\/\/dfvl.com.br\/wp-content\/uploads\/2024\/09\/ICON.jpg","contentUrl":"https:\/\/dfvl.com.br\/wp-content\/uploads\/2024\/09\/ICON.jpg","width":250,"height":250,"caption":"DER FEUERVOGEL"},"image":{"@id":"https:\/\/dfvl.com.br\/#\/schema\/logo\/image\/"}}]}},"_links":{"self":[{"href":"https:\/\/dfvl.com.br\/index.php\/wp-json\/wp\/v2\/pages\/359","targetHints":{"allow":["GET"]}}],"collection":[{"href":"https:\/\/dfvl.com.br\/index.php\/wp-json\/wp\/v2\/pages"}],"about":[{"href":"https:\/\/dfvl.com.br\/index.php\/wp-json\/wp\/v2\/types\/page"}],"author":[{"embeddable":true,"href":"https:\/\/dfvl.com.br\/index.php\/wp-json\/wp\/v2\/users\/1"}],"replies":[{"embeddable":true,"href":"https:\/\/dfvl.com.br\/index.php\/wp-json\/wp\/v2\/comments?post=359"}],"version-history":[{"count":10,"href":"https:\/\/dfvl.com.br\/index.php\/wp-json\/wp\/v2\/pages\/359\/revisions"}],"predecessor-version":[{"id":400,"href":"https:\/\/dfvl.com.br\/index.php\/wp-json\/wp\/v2\/pages\/359\/revisions\/400"}],"wp:featuredmedia":[{"embeddable":true,"href":"https:\/\/dfvl.com.br\/index.php\/wp-json\/wp\/v2\/media\/259"}],"wp:attachment":[{"href":"https:\/\/dfvl.com.br\/index.php\/wp-json\/wp\/v2\/media?parent=359"}],"curies":[{"name":"wp","href":"https:\/\/api.w.org\/{rel}","templated":true}]}}